*2. Determine f(-1).
-3
Let t(a) = 27*a**2 - 33*a - 60. Let n(u) = 25*u**2 - 32*u - 57. Let m(j) = -13*n(j) + 12*t(j). Determine m(22).
-23
Let k(j) = -21*j. Let x(l) = -137*l + 1. Let q(f) = -6*k(f) + x(f). Determine q(1).
-10
Let x(r) = -3*r**2 + 25*r - 5. Let y = -4116 - -4124. What is x(y)?
3
Let q = 3 + 9. Suppose -7*t + q*t = 0. Suppose 2*o + 35 = -5*h, 28 = -4*h + o - t*o. Let c(y) = -2*y - 8. What is c(h)?
6
Let k(y) = -y**2 - 2*y - 10. Suppose 1260 - 1254 = j. Determine k(j).
-58
Let s = 3612 + -3605. Let a(d) = d**2 - 2*d - 4. Give a(s).
31
Let o(t) = -t + 54. Let l(d) = 5. Let m(j) = 10*l(j) - o(j). Let h(f) = -f**3 + 6*f**2 + 3. Let i be h(6). What is m(i)?
-1
Let l(v) be the second derivative of -v**5/20 + v**4/4 + v**3/6 + v**2/2 + 103*v. Let k = 159 - 156. What is l(k)?
4
Let g(a) = -a**3 + 17*a**2 - 16*a + 3. Let z(c) = -4*c - 40. Let t(u) = 2*u**3 + 20*u**2 + 17*u - 23. Let x be t(-9). Let y be z(x). Give g(y).
3
Suppose -149 - 19 = 40*n + 32. Let f(g) = g**2 + 4*g + 10. What is f(n)?
15
Let d(p) be the first derivative of p**4/4 + 13*p**3/3 + 11*p**2 + 9*p + 1368. What is d(-11)?
9
Suppose -5*j = 3*k - 199, k - 5*j = -3*k + 207. Let s(z) = z**3 + 25*z**2 - 3*z - k*z**2 - 5 + 27*z**2 + 12. Calculate s(6).
-11
Let p(h) be the second derivative of -h**5/20 + h**4/2 + h**3/6 - 5*h**2/2 + 10*h + 62. Let w be ((-8)/10)/((-10)/75). What is p(w)?
1
Let i(a) = -8*a**2 - a. Let h be (-18)/(-9) - (-32 - 1). Let o(w) = 7*w - 246. Let c be o(h). Determine i(c).
-7
Let o(w) = 5*w - 2. Let p(c) = -3*c + 1. Let b(h) = -5*o(h) - 8*p(h). Suppose -28 = -7*x + 35. Determine b(x).
-7
Let d = -13 - -1. Let p be ((-8)/d*30)/((-2)/(-5)). Let v = p + -47. Let z(i) = i**3 - 3*i**2 - i - 2. Determine z(v).
-5
Suppose -5*i - 5*x + 25 = 0, 5*i + 541*x - 13 = 538*x. Let u(r) = 2 - 3 - 2*r - 2*r**2 + r**2. Determine u(i).
0
Let n(w) = w**3 + 2*w**2 + w - 2. Suppose 2*l - 3*d - 33 = 0, -22 = 4*l - 5*l - 4*d. Suppose -5*p - 2*a = l, -8 + 4 = -2*p + 2*a. Give n(p).
-4
Let m(a) = -14*a - 1. Let j = 6097 + -6097. Calculate m(j).
-1
Let i(h) = 4*h**2 + 27*h + 16. Let c(g) = g**2 + 3*g. Let n(m) = -6*c(m) + i(m). Determine n(-5).
-79
Let g(p) be the third derivative of p**7/2520 - p**6/144 - 11*p**5/60 - p**3/2 - 130*p**2. Let u(i) be the third derivative of g(i). Calculate u(6).
7
Let t = -8680 + 8686. Let q(s) = -s**3 + 6*s**2 - 4*s + 9. Calculate q(t).
-15
Let s(b) = -2*b + 9. Let n(f) = -9*f**2 + 43*f - 59. Let o be n(3). Give s(o).
31
Let f(x) = 911*x**2 - 449*x**2 - 457*x**2 - 126*x + 10 - 11 + 28. Calculate f(25).
2
Suppose 3*q + 0*q = -12. Let j(a) be the third derivative of -a**4/12 - a**3/3 - 2*a**2 - 67*a. Give j(q).
6
Suppose 24*n - 315 = 2181. Let f(p) = -3*p - n - 106 + 2*p**3 - 110 + 318. Give f(-1).
-1
Let v(f) = f**2 - 35*f - 6. Let d be (2603/(-114) - -17)*-6. Give v(d).
-6
Let y = -381 + 379. Let m(z) = 53*z - 55*z + 3 - 1. Determine m(y).
6
Let u(n) = n - 8. Suppose g = -5*c - 0*g + 88, 69 = 3*c + 6*g. Suppose 2*a + 4*v - c = -1, 20 = 3*a + 2*v. Give u(a).
-2
Let o(s) be the second derivative of s**5/30 + s**4/6 - s**3/3 + 30*s**2 + 79*s. Let z(x) be the first derivative of o(x). Give z(-5).
28
Let x(i) = -i**2 - 2*i - 3. Let j be x(3). Let h = 14 + j. Let b be (15 - 13)*1*(h - -1). Let f(s) = -s**2 - 7*s - 1. Determine f(b).
5
Let k(c) be the second derivative of 5*c**3/6 - 9*c**2/2 - 495*c. Calculate k(5).
16
Let z(x) be the second derivative of -x**8/6720 + x**7/420 + x**6/720 + x**5/40 - x**4/3 - x**3/6 + 55*x. Let f(d) be the third derivative of z(d). Give f(6).
9
Let d be 4 + 1 + (-27)/9. Let s be d/(-2)*((-24)/3 + -2). Suppose 68 + 32 = -s*b. Let o(q) = q + 14. Give o(b).
4
Suppose 51*d - 46*d - 3*c - 49 = 0, 4*c + 69 = 7*d. Let t(s) = -s**2 + 16*s - 24. Calculate t(d).
31
Let b(z) = -7*z**2 - 2*z + 1. Let s = -956 - -957. Give b(s).
-8
Let k(o) = 4 + 3*o - 73120*o**2 - o**3 + 73122*o**2 - 5*o. Determine k(4).
-36
Let l(i) be the first derivative of 16*i**2 + 17*i**2 + 1 - 2 - 41*i**2. Calculate l(1).
-16
Let d(x) = -2*x**2 - 3 + x**2 - 7 + 0*x**2 - 12*x. Let y be (-1425)/(-175) + -15 + (2/14)/(-1). Give d(y).
25
Let g(u) = 2*u**2 - 910*u - 5. Let z(b) = 3*b**2 - 607*b - 3. Let t(v) = -2*g(v) + 3*z(v). Let s(i) = i**3 + 3*i**2 - 3*i + 5. Let w be s(-4). Give t(w).
5
Let g be 3/(6/4) - 5. Let t be (-17)/(-102) + 34/12. Let y(u) = u**t + 4*u**2 + 2*u + 0 - u - 2. Calculate y(g).
4
Let y(d) be the second derivative of -1/6*d**3 - 1/4*d**4 + 0 + 1/20*d**5 + d**2 - 91*d. What is y(3)?
-1
Let j(u) = -2*u - 11. Let q be j(-7). Suppose 3*f + 9 + 12 = q*w, -2*f + 28 = 5*w. Let d(c) be the first derivative of -c**2/2 + 5*c + 11. Determine d(w).
-1
Let n(k) = 4*k**3 + 8*k**2 + 5*k. Let b be -1 + (-3 - (-10)/1). Let t = 69 + -74. Let x(u) = 4*u**3 + 7*u**2 + 4*u. Let l(c) = b*x(c) + t*n(c). Give l(1).
5
Let t(k) be the third derivative of 25*k**4/24 + 11*k**3/3 + k**2 + 87*k + 15. What is t(3)?
97
Let d(a) = -a**2 + a - 1. Let w(l) = -7*l**2 + 5*l - 10. Let f(h) = 6*d(h) - w(h). Suppose 0 = -2*j, -o + 6*o + 2*j - 7*j = -2*o. What is f(o)?
4
Let m(v) = -38*v + 120. Let h = 21736 - 21733. Determine m(h).
6
Let c(b) = 4*b**2 + 17*b - 27. Let n(t) = -5*t**2 - 19*t + 32. Let g(x) = 6*c(x) + 5*n(x). Suppose -y + 0*f + 6 = 3*f, 4*y + f - 13 = 0. Calculate g(y).
10
Let d(p) = -p**3 - 13*p**2 - 24*p - 27. Suppose 124*l + 2046 = 13*l - 75*l. Determine d(l).
-5
Let c(a) = -a - 3. Let p be c(-1). Let u be 1/(p/(-366)*-3). Let l = u - -65. Let v(h) = -h**2 + 6*h - 4. What is v(l)?
4
Let n(o) be the second derivative of o**5/20 - o**4/4 + o**3/2 + o**2/2 - 2*o. Let c = -213 + 240. Let v be c/(-72)*(-12 - -4). Calculate n(v).
10
Let h(z) = z**2 + 9*z + 8. Let u(m) = -10*m + 73. Let a be u(8). Let q(t) = -t**2 + 10*t + 111. Let y be q(a). Calculate h(y).
0
Let d(q) = -q**3 - 9*q**2 - 20*q + 2. Let o be d(-5). Suppose 10 = 4*c + o*v, -c + 5*c - v - 1 = 0. Let t(p) = 1 + 12*p - 12*p - 2 - 5*p**2. Give t(c).
-6
Let m(t) = -4*t + 4. Let h = 19 + -21. Let i(f) = -4*f**3 - 10*f**2 + 6. Let o be i(h). Determine m(o).
12
Let x = 200 - 187. Let c(i) = -x - 1 - i + 7 - i. Let j = 4 + -11. Determine c(j).
7
Let h(o) = o**3 + 4*o**2 + 4. Let l = 152 + -149. Suppose 2*j + 5*p - 53 = 0, 5*j - 89 = -p + 3*p. Suppose 0 = f + l*k + 7, 4*f + j = -4*k - 1. Determine h(f).
4
Let k = 1 + 0. Let y(c) = c**3 - c**2 + 8*c - 12. Let a be y(2). Let x(i) = -a*i**3 - 4*i**3 - i**2 + 24*i**3 - 3*i**3. Calculate x(k).
8
Let u(q) = 5*q**2 + 8*q + 5. Let f(j) = -9*j**2 - 17*j - 9. Let c(t) = -3*f(t) - 5*u(t). Let k(w) = -827*w + 6611. Let y be k(8). Calculate c(y).
-3
Let m(w) = 6*w**2 + 3*w. Let r(a) = -34*a**2 - 87*a - 27. Let k(p) = 6*m(p) + r(p). Give k(35).
8
Suppose 6 = -8*n + 11*n. Let a(x) = -3047 + 3069 + n*x - 3*x. Give a(0).
22
Suppose 15*o - 31 = -1. Let h(u) = -o*u**3 + 14*u + 3*u**2 - 3 + 2*u**2 - 4 + 3*u**3 - 22*u. What is h(-6)?
5
Let v(l) be the third derivative of -l**6/120 + l**5/20 + l**4/4 - 5*l**3/6 + l**2 - 23*l. Let y = 200 + -196. What is v(y)?
3
Let l(a) = -14965 - a**3 + 7*a - 15*a**2 + 14914 - 25*a. What is l(-14)?
5
Let k(t) = 246*t - 27. Let j(d) = 49*d + 1. Let b(z) = 5*j(z) - k(z). What is b(5)?
27
Let c(t) = 2*t**3 + 16*t**2 + t - 1. Suppose -616 = 53*z + 35*z. Determine c(z).
90
Let r(p) = -p**3 - p**2 - p - 7. Suppose z + 144 = 5*z - 3*x, 3*z - 108 = 3*x. Suppose -5*t = z - 46. Let k be (5 + -3 - t)*-1. Determine r(k).
-7
Suppose -m = -2*r + 15, 0*r + 3*r - 40 = 5*m. Let s(l) = -l**2 + 20*l. Let p(d) = -3*d**2 + 81*d - 1. Let w(c) = -p(c) + 4*s(c). What is w(m)?
-19
Suppose -f + 452 - 443 = 0. Let z(l) be the first derivative of -l - 1/2*l**2 - f. Calculate z(-6).
5
Suppose 0 = -4*z + 4, 72*z + 16 = -4*g + 68*z. Let b(f) = 13*f + 1. Determine b(g).
-64
Suppose 0 = 2*p + 10, -5*o + 3*p = -7*o - 7. Suppose 5*x + o*t + 9 = 0, -9*t = -5*x - 6*t - 2. Let w(f) = 8*f**3 + f**2 + f + 1. Determine w(x).
-7
Let u(j) = -9*j + 199. Let k = -8064 + 8086. Determine u(k).
1
Let t(l) = -l**3 - 16*l**2 - 13*l + 32. Let m be t(-15). Suppose 4*g = m*g + 114. Let a = g + -47. Let w(n) = n**3 - 10*n**2 + n - 11. Determine w(a).
-1
Suppose 3*a - 8*a + 17 = -2*w, 3*a - 2*w - 11 = 0. Let b(v) = 4*v + 7 - 4*v + a*v + 3. Give b(9).
37
Let h(u) = -2*u**3 + 2*u**2 + 3*u - 3. Suppose 